rime?
False
Is 1177589 prime?
False
Is 21281891 prime?
True
Is 726848357 a composite number?
False
Is 381288151 a composite number?
True
Is 1578757 prime?
False
Is 15745883 composite?
True
Is 192394031 a composite number?
False
Is 26225401 prime?
False
Is 3457631 a prime number?
True
Is 3079369 composite?
True
Is 3847793 prime?
False
Is 31334293 composite?
False
Is 500983 prime?
False
Is 114496103 composite?
True
Is 98249363 a composite number?
False
Is 307091657 a prime number?
False
Is 59462233 prime?
False
Is 22658915 prime?
False
Is 4127147 a prime number?
True
Is 719740231 a prime number?
False
Is 9017345 composite?
True
Is 11042407 a composite number?
True
Is 172991197 composite?
False
Is 684799651 prime?
True
Is 524262819 prime?
False
Is 5224673 a composite number?
True
Is 24183001 a composite number?
False
Is 5882461 a prime number?
False
Is 82624637 a composite number?
True
Is 1090841 composite?
False
Is 111365311 composite?
True
Is 20349517 a prime number?
False
Is 13933367 prime?
False
Is 5561783 composite?
True
Is 248019011 prime?
True
Is 444514757 composite?
False
Is 2227603 composite?
True
Is 53226023 prime?
True
Is 3501893 prime?
False
Is 6549757 composite?
True
Is 167420623 composite?
False
Is 9741961 prime?
True
Is 3380183 composite?
True
Is 876163 a prime number?
False
Is 18989033 a composite number?
True
Is 149201527 a prime number?
True
Is 4245842 a prime number?
False
Is 21134063 prime?
True
Is 260329 prime?
True
Is 103820811 a composite number?
True
Is 21383749 prime?
True
Is 603187 prime?
False
Is 4440169 a composite number?
False
Is 5161963 a prime number?
False
Is 2378617 prime?
True
Is 40249 a composite number?
True
Is 1036205671 prime?
False
Is 4777613 prime?
False
Is 453023 prime?
True
Is 31290989 composite?
False
Is 423191 a composite number?
False
Is 57345733 a composite number?
False
Is 1134358 a prime number?
False
Is 79543313 prime?
True
Is 3133111 composite?
False
Is 15181483 a composite number?
False
Is 43300681 a prime number?
True
Is 10683061 composite?
True
Is 151275533 a composite number?
True
Is 2444017 a composite number?
False
Is 3358811 a composite number?
True
Is 2875634 a composite number?
True
Is 49244539 prime?
True
Is 353014777 composite?
True
Is 631711 a composite number?
False
Is 199486801 prime?
True
Is 2694733 a composite number?
False
Is 23751821 a prime number?
True
Is 8735315 a composite number?
True
Is 28959581 composite?
True
Is 14513909 a composite number?
False
Is 168175069 prime?
True
Is 83302229 composite?
False
Is 202632761 composite?
False
Is 15047969 composite?
False
Is 244529 a prime number?
True
Is 3297211 a prime number?
False
Is 23330699 a prime number?
False
Is 7237583 prime?
False
Is 42821 prime?
True
Is 19685717 a composite number?
True
Is 251039 a prime number?
False
Is 707081 a prime number?
False
Is 1656367 a prime number?
True
Is 23704823 prime?
True
Is 123791 a composite number?
False
Is 1306913 composite?
False
Is 26639183 a composite number?
False
Is 7849211 composite?
False
Is 6704531 prime?
True
Is 51431969 composite?
True
Is 17509117 a composite number?
False
Is 1606519 prime?
False
Is 3748417 a composite number?
False
Is 6487693 composite?
True
Is 9020071 composite?
True
Is 149461 a composite number?
True
Is 13999967 prime?
False
Is 7047971 a composite number?
True
Is 5892113 a prime number?
True
Is 26912081 prime?
False
Is 91038083 composite?
True
Is 66368623 prime?
False
Is 226830581 a composite number?
False
Is 356611501 prime?
True
Is 571199 a prime number?
True
Is 44809909 prime?
False
Is 355369 a prime number?
False
Is 2069966 prime?
False
Is 520241 a prime number?
True
Is 1224669427 a prime number?
True
Is 338059 a prime number?
False
Is 169232549 prime?
False
Is 12972157 a composite number?
True
Is 4906054 prime?
False
Is 34794007 prime?
True
Is 275724317 composite?
True
Is 72158539 prime?
False
Is 127748773 a composite number?
True
Is 320761255 composite?
True
Is 717693 a prime number?
False
Is 11189 composite?
True
Is 278808893 composite?
True
Is 11032799 a prime number?
True
Is 3483937 a composite number?
False
Is 1327999 composite?
False
Is 1473949 composite?
False
Is 6144013 prime?
False
Is 26083 a prime number?
True
Is 185628931 a composite number?
False
Is 6846199 prime?
False
Is 3625781 a prime number?
True
Is 5671343 a composite number?
True
Is 10800613 prime?
True
Is 21076021 a composite number?
True
Is 1466513 a prime number?
False
Is 16524317 a prime number?
False
Is 912647 prime?
True
Is 78779 a prime number?
True
Is 185256127 composite?
True
Is 499461007 a composite number?
False
Is 224641 a composite number?
True
Is 333577079 prime?
False
Is 408529 composite?
True
Is 21703443 prime?
False
Is 1226869 prime?
False
Is 154049527 a composite number?
False
Is 57367901 prime?
True
Is 492441 composite?
True
Is 84404891 prime?
False
Is 244733 a prime number?
True
Is 165079 prime?
True
Is 2648089 composite?
True
Is 4513919 a prime number?
False
Is 228639083 composite?
True
Is 5518099 a composite number?
False
Is 9116243 composite?
False
Is 1059557 a composite number?
False
Is 2088679 prime?
True
Is 52806781 composite?
True
Is 114041561 prime?
False
Is 5297813 composite?
False
Is 28585715 a prime number?
False
Is 12092183 prime?
True
Is 343729987 a prime number?
False
Is 51777569 prime?
True
Is 1275811 prime?
False
Is 329711 a prime number?
True
Is 815591545 a composite number?
True
Is 4760983 composite?
True
Is 13986403 composite?
True
Is 1156382 prime?
False
Is 335721257 prime?
True
Is 36788491 prime?
True
Is 182555051 a composite number?
True
Is 1169673 a prime number?
False
Is 193708069 a composite number?
False
Is 72838231 a prime number?
True
Is 2278877 a prime number?
True
Is 54077 composite?
True
Is 179575217 a composite number?
False
Is 102713567 a composite number?
True
Is 150978917 a prime number?
True
Is 104340793 a prime number?
True
Is 10289129 a prime number?
True
Is 2850355 a prime number?
False
Is 12012971 composite?
False
Is 16943609 prime?
True
Is 161110039 prime?
False
Is 1567931 composite?
False
Is 169619 composite?
True
Is 47715001 prime?
True
Is 292832159 prime?
False
Is 15203653 a prime number?
False
Is 70104101 prime?
True
Is 21398185 a composite number?
True
Is 298493 prime?
False
Is 8140309 prime?
False
Is 67850077 composite?
True
Is 107947097 prime?
True
Is 177309907 a prime number?
False
Is 2153597 prime?
False
Is 126033689 a composite number?
False
Is 9533789 prime?
True
Is 1669571 prime?
True
Is 52322233 a composite number?
True
Is 13875223 a prime number?
False
Is 21624535 composite?
True
Is 383941 composite?
False
Is 3044513 prime?
False
Is 3349681 composite?
True
Is 6203563 a composite number?
False
Is 4773701 composite?
False
Is 158754707 prime?
False
Is 16300507 composite?
False
Is 2654683 prime?
False
Is 91224197 a prime number?
True
Is 11308411 composite?
False
Is 1756009 prime?
True
Is 136687 composite?
True
Is 23958733 composite?
True
Is 909931 a composite number?
True
Is 43824157 composite?
True
Is 9877681 a composite number?
True
Is 142591285 prime?
False
Is 426713387 composite?
False
Is 30241 a prime number?
True
Is 8095589 prime?
True
Is 60981169 a composite number?
False
Is 183738073 a composite number?
False
Is 1722713 prime?
True
Is 4626001 a composite number?
False
Is 2098913 composite?
True
Is 1550249 prime?
False
Is 30079079 a prime number?
False
Is 1939067 prime?
False
Is 10927727 a prime number?
True
Is 55382941 prime?
False
Is 67311011 prime?
True
Is 4201169 a composite number?
True
Is 33134147 composite?
True
Is 11623 a prime number?
False
Is 68578919 a prime number?
True
Is 791777 a composite number?
True
Is 4448579 a prime number?
True
Is 1334327 composite?
False
Is 1034395 composite?
True
Is 62587601 a prime number?
False
Is 4620487 composite?
True
Is 14890735 prime?
False
Is 999388823 prime?
True
Is 33117571 prime?
False
Is 33570569 a composite number?
False
Is 97243 a prime number?
False
Is 222283393 a prime number?
True
Is 7773803 prime?
True
Is 5189027 prime?
True
Is 53488101 composite?
True
Is 101220683 composite?
False
Is 535322369 prime?
True
Is 9772639 a prime number?
True
Is 861011 a prime number?
False
Is 6484853 a prime number?
True
Is 39196879 composite?
False
Is 2177881 composi